

{"id":95,"date":"2025-01-03T10:53:42","date_gmt":"2025-01-03T10:53:42","guid":{"rendered":"https:\/\/nordicolie.eu\/?post_type=product&#038;p=95"},"modified":"2025-01-10T10:23:57","modified_gmt":"2025-01-10T10:23:57","slug":"aceite-esencial-de-menta-100-puro-frescura-y-energia-natural","status":"publish","type":"product","link":"https:\/\/nordicolie.eu\/?product=aceite-esencial-de-menta-100-puro-frescura-y-energia-natural","title":{"rendered":"100 % ren eterisk olja av pepparmynta &#8211; naturlig friskhet och energi"},"content":{"rendered":"<p>100 % ren eterisk pepparmyntsolja \u00e4r en kraftfull allierad f\u00f6r att \u00e5teruppliva dina sinnen och f\u00f6rb\u00e4ttra ditt v\u00e4lbefinnande. Dess fr\u00e4scha, mintiga doft ger en energigivande effekt, perfekt f\u00f6r dem som s\u00f6ker en naturlig energiboost. Extraherad fr\u00e5n pepparmyntsblad genom \u00e5ngdestillation garanterar den maximal renhet och kvalitet.<\/p>\n<p>Huvudsakliga anv\u00e4ndningsomr\u00e5den:<\/p>\n<p>Aromaterapi: Diffundera f\u00f6r att f\u00f6rb\u00e4ttra koncentrationen och motverka mental tr\u00f6tthet.<br \/>\nNaturlig lindring: Blanda med en b\u00e4rarolja och applicera p\u00e5 tinningarna f\u00f6r att lindra huvudv\u00e4rk eller p\u00e5 musklerna f\u00f6r att minska sp\u00e4nningar.<br \/>\nFrisk atmosf\u00e4r: Anv\u00e4nd som en naturlig doft f\u00f6r att neutralisera lukter och fr\u00e4scha upp utrymmen.<\/p>\n<p>Egenskaper:<\/p>\n<p>100% ren och fri fr\u00e5n tillsatser eller kemikalier.<br \/>\nL\u00e5ngvarig fr\u00e4sch och mintliknande doft.<br \/>\nPresenteras i en m\u00f6rk glasflaska f\u00f6r att bevara dess egenskaper.<\/p>\n<p>Anv\u00e4nd eterisk pepparmyntsolja i din dagliga rutin och njut av dess m\u00e5nga f\u00f6rdelar &#8211; perfekt f\u00f6r att ge energi och uppfriskning!<\/p>\n","protected":false},"excerpt":{"rendered":"<p>\u00c5teruppliva kropp och sinne med 100% ren och naturlig eterisk pepparmyntsolja. Perfekt f\u00f6r aromaterapi, massage och allm\u00e4nt v\u00e4lbefinnande. Dess fr\u00e4scha och energigivande doft kommer att fylla dig med vitalitet.<\/p>\n","protected":false},"featured_media":73,"comment_status":"open","ping_status":"closed","template":"","meta":[],"product_brand":[],"product_cat":[15],"product_tag":[],"class_list":{"0":"post-95","1":"product","2":"type-product","3":"status-publish","4":"has-post-thumbnail","6":"product_cat-uncategorized","8":"first","9":"instock","10":"shipping-taxable","11":"purchasable","12":"product-type-simple"},"_links":{"self":[{"href":"https:\/\/nordicolie.eu\/index.php?rest_route=\/wp\/v2\/product\/95","targetHints":{"allow":["GET"]}}],"collection":[{"href":"https:\/\/nordicolie.eu\/index.php?rest_route=\/wp\/v2\/product"}],"about":[{"href":"https:\/\/nordicolie.eu\/index.php?rest_route=\/wp\/v2\/types\/product"}],"replies":[{"embeddable":true,"href":"https:\/\/nordicolie.eu\/index.php?rest_route=%2Fwp%2Fv2%2Fcomments&post=95"}],"wp:featuredmedia":[{"embeddable":true,"href":"https:\/\/nordicolie.eu\/index.php?rest_route=\/wp\/v2\/media\/73"}],"wp:attachment":[{"href":"https:\/\/nordicolie.eu\/index.php?rest_route=%2Fwp%2Fv2%2Fmedia&parent=95"}],"wp:term":[{"taxonomy":"product_brand","embeddable":true,"href":"https:\/\/nordicolie.eu\/index.php?rest_route=%2Fwp%2Fv2%2Fproduct_brand&post=95"},{"taxonomy":"product_cat","embeddable":true,"href":"https:\/\/nordicolie.eu\/index.php?rest_route=%2Fwp%2Fv2%2Fproduct_cat&post=95"},{"taxonomy":"product_tag","embeddable":true,"href":"https:\/\/nordicolie.eu\/index.php?rest_route=%2Fwp%2Fv2%2Fproduct_tag&post=95"}],"curies":[{"name":"wp","href":"https:\/\/api.w.org\/{rel}","templated":true}]}}